{"id":631,"date":"2021-08-05T16:09:20","date_gmt":"2021-08-05T13:09:20","guid":{"rendered":"https:\/\/cepmreina.com.ar\/sitio\/?page_id=631"},"modified":"2021-08-05T17:04:31","modified_gmt":"2021-08-05T14:04:31","slug":"historia","status":"publish","type":"page","link":"https:\/\/www.cepjuanxxiii.edu.ar\/sitio\/historia\/","title":{"rendered":"Historia"},"content":{"rendered":"\n<h2 class=\"wp-block-heading\"><strong>Proceso hist\u00f3rico<\/strong><\/h2>\n\n\n\n<div class=\"wp-block-columns is-layout-flex wp-container-core-columns-is-layout-9d6595d7 wp-block-columns-is-layout-flex\">\n<div class=\"wp-block-column is-layout-flow wp-block-column-is-layout-flow\" style=\"flex-basis:100%\">\n<div class=\"wp-block-media-text alignwide has-media-on-the-right is-stacked-on-mobile\" style=\"grid-template-columns:auto 20%\"><figure class=\"wp-block-media-text__media\"><img loading=\"lazy\" decoding=\"async\" width=\"117\" height=\"237\" src=\"https:\/\/cepmreina.com.ar\/sitio\/wp-content\/uploads\/2021\/08\/image-4.png\" alt=\"\" class=\"wp-image-653 size-full\"\/><\/figure><div class=\"wp-block-media-text__content\">\n<p>El primer P\u00e1rroco de Mar\u00eda Reina, Juan Ramallo vio la necesidad de crear una escuela en 1963. En marzo de 1964, comienza a funcionar la escuela con el nombre de JUAN XXIII, en la casa parroquial situada en calle Managua 1658 de Barrio Residencial Am\u00e9rica. La escuela inicia sus actividades junto a la parroquia, siendo los fieles los que env\u00edan a sus hijos. Alrededor de 40 ni\u00f1os concurren a Jard\u00edn de Infantes y Primer Grado.<\/p>\n\n\n\n<p>En 1965 funciona el nuevo grado: Primero Superior (hoy segundo). En este a\u00f1o se le da la inscripci\u00f3n a la Direcci\u00f3n Provincial de Institutos Privados de Ense\u00f1anzas.<\/p>\n\n\n\n<p>En estos tiempos ya hab\u00eda un nuevo P\u00e1rroco que ven\u00eda para quedarse, y ser\u00eda el gran \u00abhacedor de sue\u00f1os\u00bb para la Parroquia y la Escuela, el Padre Cesar S\u00e1nchez Garc\u00eda.<\/p>\n\n\n\n<p>En marzo de 1966 comienza a funcionar segundo grado (hoy tercero).<\/p>\n\n\n\n<p>En 1968 ya funciona la escuela primaria, de primero a s\u00e9ptimo grado en dos turnos, en la ubicaci\u00f3n donde se encuentra actualmente.<\/p>\n\n\n\n<p>En el a\u00f1o 1969 se le cambia el nombre a Letty Stucchi Baud\u00f3n en homenaje a una excelente pianista que muri\u00f3 muy joven cuya madre fue nuestra benefactora.<\/p>\n<\/div><\/div>\n<\/div>\n<\/div>\n\n\n\n<p>En estos tiempos ya hab\u00eda un nuevo P\u00e1rroco que ven\u00eda para quedarse, y ser\u00eda el gran \u00abhacedor de sue\u00f1os\u00bb para la Parroquia y la Escuela, el Padre Cesar S\u00e1nchez Garc\u00eda.<\/p>\n\n\n\n<p>En marzo de 1966 comienza a funcionar segundo grado (hoy tercero).<\/p>\n\n\n\n<p>En 1968 ya funciona la escuela primaria, de primero a s\u00e9ptimo grado en dos turnos, en la ubicaci\u00f3n donde se encuentra actualmente.<\/p>\n\n\n\n<p>En el a\u00f1o 1969 se le cambia el nombre a Letty Stucchi Baud\u00f3n en homenaje a una excelente pianista que muri\u00f3 muy joven cuya madre fue nuestra benefactora.<\/p>\n\n\n\n<div class=\"wp-block-image\"><figure class=\"aligncenter size-full is-resized\"><a href=\"https:\/\/cepmreina.com.ar\/sitio\/wp-content\/uploads\/2021\/08\/image-1.png\"><img loading=\"lazy\" decoding=\"async\" src=\"https:\/\/cepmreina.com.ar\/sitio\/wp-content\/uploads\/2021\/08\/image-1.png\" alt=\"\" class=\"wp-image-646\" width=\"566\" height=\"413\" srcset=\"https:\/\/www.cepjuanxxiii.edu.ar\/sitio\/wp-content\/uploads\/2021\/08\/image-1.png 368w, https:\/\/www.cepjuanxxiii.edu.ar\/sitio\/wp-content\/uploads\/2021\/08\/image-1-300x219.png 300w\" sizes=\"auto, (max-width: 566px) 100vw, 566px\" \/><\/a><\/figure><\/div>\n\n\n\n<p>Gracias al P\u00e1rroco, la comisi\u00f3n de padres y la comunidad escolar, la escuela va creciendo<\/p>\n\n\n\n<p>En marzo de 1979 comenz\u00f3 el primer a\u00f1o del Instituto T\u00e9cnico de Inform\u00e1tica JUAN XXIII, nombre que se le dio al tan so\u00f1ado secundario. As\u00ed sigui\u00f3 creciendo y en el a\u00f1o 2002 se inaugura el edificio de Nivel Inicial en la calle Puerto Rico 1050. El nivel recibi\u00f3 el nombre de Divino Ni\u00f1o Jes\u00fas porque su imagen, tra\u00edda a la Parroquia, era muy visitada y amada por los ni\u00f1os<\/p>\n\n\n\n<div class=\"wp-block-image\"><figure class=\"aligncenter size-full is-resized\"><a href=\"https:\/\/cepmreina.com.ar\/sitio\/wp-content\/uploads\/2021\/08\/image-2.png\"><img loading=\"lazy\" decoding=\"async\" src=\"https:\/\/cepmreina.com.ar\/sitio\/wp-content\/uploads\/2021\/08\/image-2.png\" alt=\"\" class=\"wp-image-647\" width=\"510\" height=\"360\" srcset=\"https:\/\/www.cepjuanxxiii.edu.ar\/sitio\/wp-content\/uploads\/2021\/08\/image-2.png 336w, https:\/\/www.cepjuanxxiii.edu.ar\/sitio\/wp-content\/uploads\/2021\/08\/image-2-300x212.png 300w\" sizes=\"auto, (max-width: 510px) 100vw, 510px\" \/><\/a><\/figure><\/div>\n\n\n\n<p>En el a\u00f1o 2011 se crea el Instituto Superior de Formaci\u00f3n Docente \u00abJUAN XXIII\u00bb con la especializaci\u00f3n de Profesorado de Ingles y Tecnicatura Superior en Traducci\u00f3n de Ingles.<\/p>\n\n\n\n<p>En el a\u00f1o 2014 bajo el lema \u201cCON MARIA REINA ASI CRECIMOS\u201d festejamos los 50 a\u00f1os de la Parroquia, el Nivel Inicial y Primario. <\/p>\n\n\n\n<div class=\"wp-block-image\"><figure class=\"aligncenter size-full is-resized\"><a href=\"https:\/\/cepmreina.com.ar\/sitio\/wp-content\/uploads\/2021\/08\/image-3.png\"><img loading=\"lazy\" decoding=\"async\" src=\"https:\/\/cepmreina.com.ar\/sitio\/wp-content\/uploads\/2021\/08\/image-3.png\" alt=\"\" class=\"wp-image-648\" width=\"572\" height=\"373\" srcset=\"https:\/\/www.cepjuanxxiii.edu.ar\/sitio\/wp-content\/uploads\/2021\/08\/image-3.png 363w, https:\/\/www.cepjuanxxiii.edu.ar\/sitio\/wp-content\/uploads\/2021\/08\/image-3-300x196.png 300w\" sizes=\"auto, (max-width: 572px) 100vw, 572px\" \/><\/a><\/figure><\/div>\n\n\n\n<p>El 15 de setiembre de 2015 muere nuestro P\u00e1rroco C\u00e9sar S\u00e1nchez Garc\u00eda y en su honor: \u201cSeguimos creciendo con el af\u00e1n de brindar a nuestra comunidad un servicio de calidad y educara nuestros alumnos a la luz de la fe\u201d.<\/p>\n\n\n\n<p>El 17 de octubre de 2015, recibimos un nuevo p\u00e1rroco, el P. Javier Verdenelli con quien seguimos caminando junto a Mar\u00eda Reina, que siempre nos lleva a su Hijo Jes\u00fas.<\/p>\n\n\n\n<p>Este centro educativo pertenece a la Iglesia Cat\u00f3lica, por lo tanto:<\/p>\n\n\n\n<ul class=\"wp-block-list\"><li>&#8211; Est\u00e1 presente la Iglesia en la actividad humana de educar, siendo su objetivo fundamental la formaci\u00f3n de una persona cristiana (incluye en su curr\u00edcula Catequesis y Formaci\u00f3n Cristiana).<\/li><li>&#8211; Promueve en el educando su testimonio cristiano dentro y fuera de la Comunidad Educativa, la Familia y la Sociedad.<\/li><li>&#8211; Considera a la familia como la Primera educadora y colabora con ella para que los alumnos adquieran h\u00e1bitos, conocimientos, saberes y competencias en su condici\u00f3n como persona trascendente.<\/li><\/ul>\n\n\n\n<div style=\"height:100px\" aria-hidden=\"true\" class=\"wp-block-spacer\"><\/div>\n","protected":false},"excerpt":{"rendered":"<p>Proceso hist\u00f3rico El primer P\u00e1rroco de Mar\u00eda Reina, Juan Ramallo vio la necesidad de crear una escuela en 1963. En marzo de 1964, comienza a funcionar la escuela con el nombre de JUAN XXIII, en la casa parroquial situada en calle Managua 1658 de Barrio Residencial Am\u00e9rica. La escuela inicia sus actividades junto a la [&hellip;]<\/p>\n","protected":false},"author":2,"featured_media":0,"parent":0,"menu_order":0,"comment_status":"closed","ping_status":"closed","template":"","meta":{"footnotes":""},"class_list":["post-631","page","type-page","status-publish","hentry"],"_links":{"self":[{"href":"https:\/\/www.cepjuanxxiii.edu.ar\/sitio\/wp-json\/wp\/v2\/pages\/631","targetHints":{"allow":["GET"]}}],"collection":[{"href":"https:\/\/www.cepjuanxxiii.edu.ar\/sitio\/wp-json\/wp\/v2\/pages"}],"about":[{"href":"https:\/\/www.cepjuanxxiii.edu.ar\/sitio\/wp-json\/wp\/v2\/types\/page"}],"author":[{"embeddable":true,"href":"https:\/\/www.cepjuanxxiii.edu.ar\/sitio\/wp-json\/wp\/v2\/users\/2"}],"replies":[{"embeddable":true,"href":"https:\/\/www.cepjuanxxiii.edu.ar\/sitio\/wp-json\/wp\/v2\/comments?post=631"}],"version-history":[{"count":9,"href":"https:\/\/www.cepjuanxxiii.edu.ar\/sitio\/wp-json\/wp\/v2\/pages\/631\/revisions"}],"predecessor-version":[{"id":663,"href":"https:\/\/www.cepjuanxxiii.edu.ar\/sitio\/wp-json\/wp\/v2\/pages\/631\/revisions\/663"}],"wp:attachment":[{"href":"https:\/\/www.cepjuanxxiii.edu.ar\/sitio\/wp-json\/wp\/v2\/media?parent=631"}],"curies":[{"name":"wp","href":"https:\/\/api.w.org\/{rel}","templated":true}]}}